j**2 - 68*j - 208. List the prime factors of n(-9).
5, 29, 467
List the prime factors of -46 + 2086859/92 + 0 + (-3)/(-4).
2, 3, 7, 11
Let r(t) = t**3 - 13*t**2 - 16*t + 32. Let s be r(14). Suppose -609 - 147 = -4*m - 4*o, 0 = -s*m + o + 736. What are the prime factors of m?
5, 37
Suppose 3*q = 2*y - 6, -4*q + 14 + 6 = 2*y. Let h(u) = 6*u**2 - 20*u + 154. What are the prime factors of h(y)?
2, 5
Let u(o) = 7*o**2 + 952*o + 14. List the prime factors of u(39).
7, 6827
Let m = 20346 - 5902. List the prime factors of m.
2, 23, 157
Suppose -c + 6544 = 4*w, -17742 = 5*c + 5*w - 50432. Suppose 117*q = 109*q + c. What are the prime factors of q?
19, 43
Let t = 91726 + -62715. List the prime factors of t.
67, 433
Suppose 4*d - 5*u = 5908, -4*d - 6*u = d - 7434. List the prime factors of d.
2, 3, 13, 19
Let g(f) = f**3 - 11*f**2 - 11*f - 11. Let n be g(12). Suppose -w = 2 - n. Let b(j) = -137*j**3 + 2*j**2 + j - 1. List the prime factors of b(w).
137
Suppose 0 = 9*b - 5*b - 2232. Suppose 3*l = l + b. What are the prime factors of l?
3, 31
Let h(g) = -4*g**2 + 15*g + 2. Let c be h(4). Let l(r) = 1244*r**2 + r + 4. Let m be l(c). What are the prime factors of m/95 - 6/(-10)?
53
Let b = -63 - -53. Let g(x) = x**3 + 15*x**2 - 7*x - 18. What are the prime factors of g(b)?
2, 3, 23
Let x(t) = 2*t + 10. Let b be x(-5). Suppose -5*w + 3*s - 13 = b, 3*w + 2*s + s = -3. What are the prime factors of w*(9/12 - 61/4)?
29
Let b(c) = 11*c**3 + 20*c**2 - 55*c + 28. What are the prime factors of b(8)?
2, 5, 13
Suppose c = 5*b + 3*c - 15910, 0 = -3*b + c + 9546. Let k = b - -3318. List the prime factors of k/55 - (-3)/(66/(-4)).
2, 59
Suppose -i = -g - 1468, -25*i + 20588 = -11*i + 4*g. What are the prime factors of i?
2, 3, 5, 7
Suppose 9826 = -8*p + 34258. Suppose -p = -25*q + 21. What are the prime factors of q?
3, 41
Let n = 226 - 223. List the prime factors of 2*n/(-21) - (-8367)/7.
5, 239
Suppose -13*y + 2*y = -6*y - 85505. What are the prime factors of y?
7, 349
Let a(i) = 21*i**2 + 5*i + 58. Let y = -148 - -154. What are the prime factors of a(y)?
2, 211
Let f(r) = r**2 + 42*r + 1411. What are the prime factors of f(-44)?
1499
Let w(o) = -o**2 + 8*o - 15. Let p be w(12). Let n be p*((-14)/35)/((-6)/(-20)). Suppose 0 = f + f - n. What are the prime factors of f?
2, 3, 7
Let t be (24/4 + 4)/1. Suppose s = -6 + t. Suppose 21 = s*c - 3*z, -3*c + 0*z = -2*z - 15. List the prime factors of c.
3
Suppose -v + 64956 = 3*i - 0*i, 9*v = -27. List the prime factors of i.
59, 367
Let n = -47 - -47. Suppose u - 6*u + 13230 = n. Suppose 0 = 8*b - 22*b + u. List the prime factors of b.
3, 7
Let m(o) = -32*o - 3. Suppose -4*h - 24 = j, -2*h + 3*h + 13 = -2*j. Let k be m(j). Let g = k + -118. List the prime factors of g.
7
Let u = 44 + -2. Suppose u = 10*l - 17*l. Let p(o) = -14*o - 1. List the prime factors of p(l).
83
Let c be (-4)/(-1) - (2 - -1). Let o be (15/5)/(c/(-1)). What are the prime factors of o/((-1 - -1) + 3/(-93))?
3, 31
Suppose 7*c + 210 = 5*c. Let h be -4 - (-19 + 7) - -5. Let f = h - c. What are the prime factors of f?
2, 59
What are the prime factors of 29341/5 - (-210)/(-1050)?
2, 3, 163
Let x(v) = -8*v - 34. Let j = -20 - -8. Let p be x(j). Let i = p - -59. List the prime factors of i.
11
Suppose -16249 = 26*h - 1273. Let q = 1040 + h. What are the prime factors of q?
2, 29
Suppose -29339 = -4*p + 6*w - 11*w, 2*p = -3*w + 14667. List the prime factors of p.
3, 2447
Let w(m) = 5*m**2 + 15*m + 5. Let h be w(-7). What are the prime factors of h*(54/5)/3?
2, 3, 29
Suppose 10350 = 12*k + 21345 - 82131. What are the prime factors of k?
2, 3, 13, 19
Let o(t) be the first derivative of 3*t**4/2 + t**3/3 - t**2/2 - 6*t + 17. What are the prime factors of o(3)?
2, 3
Let h(d) = -3*d**3 + 35*d**2 - 2*d - 179. List the prime factors of h(-14).
67, 223
Suppose -10*l = -11*l + 1. Let h(a) = 865*a**3 + a**2 - 8*a + 7. List the prime factors of h(l).
5, 173
Suppose 3*t - 4*p - 81313 = 0, 0*p + p - 2 = 0. What are the prime factors of t?
27107
Let h(f) = f**3 + 78*f**2 - 38*f + 361. List the prime factors of h(-78).
5, 7, 19
Suppose 4*p - 5 = 3*p. Suppose -p*h = -1142 - 138. Suppose -4*g - 4 = -h. List the prime factors of g.
3, 7
Let a = -87 - -60. Let c = a + 10. Let p = c + 54. What are the prime factors of p?
37
Let g = -2449 - -1231. List the prime factors of (5/30*-2)/(1/g).
2, 7, 29
Suppose 17*x - 103*x + 1354977 = 31*x. List the prime factors of x.
37, 313
Let i(b) = 4390*b**2 + 206*b + 631. List the prime factors of i(-3).
11, 3593
Suppose 4*b + 2 = 5*m, -3*m + 4*b = -b + 4. Suppose -m*j = -0*z - 4*z - 1970, -3*z - 2*j = 1481. Let n = -323 - z. List the prime factors of n.
2, 5, 17
Let s = -7 - -4. Let t(g) = -29*g - 6. Let k(m) = 16*m + 5. Let x(r) = 5*k(r) + 4*t(r). What are the prime factors of x(s)?
109
Let k = -9 - -17. Let m(i) = -i**2 - 4*i + 47. Let z be m(-9). Suppose -k*u + 468 = -z*u. List the prime factors of u.
2, 3, 13
Let x(y) = 14*y**2 + 97*y + 2638. What are the prime factors of x(-39)?
20149
Let q(v) = v**2 + 8*v + 7. Let c be q(-7). Suppose c = -7*u + 2375 + 1475. What are the prime factors of u?
2, 5, 11
Let m = -65 + 137. Let z = 82 - m. Suppose -z = j + j, -t + 106 = -3*j. What are the prime factors of t?
7, 13
Let k be (12/15)/((-2)/(-5)). Suppose -k*l - 64 = -l. List the prime factors of (3 + -2)*-4 - l.
2, 3, 5
Suppose -41 = 4*r + 69*u - 64*u, 0 = 5*r + 2*u + 30. Let h(o) be the first derivative of 8*o**3/3 + 6*o**2 - 5*o + 1. List the prime factors of h(r).
3, 5
Let k = 1752 - -1012. Let x = -1438 + k. What are the prime factors of x?
2, 3, 13, 17
Let i(u) = -8895*u + 1368. List the prime factors of i(-2).
2, 3, 31, 103
List the prime factors of ((-176416)/(-6))/1*(-39)/(-26).
2, 37, 149
Let f(m) = 225*m**3 - m**2 - 3*m - 2. Let x be f(-1). Let w = 11 - x. List the prime factors of w.
2, 59
Let k(x) = -5*x + 2 + 0 + 6*x**2 - 2*x + x**3. Let h be k(-7). Let w(m) = 12*m**2 - 3*m + 2. List the prime factors of w(h).
2, 11
Suppose 2*k + 2544 = l, -2*l = l + 4*k - 7632. Let i = -1395 + l. Suppose 305 = 5*w - 4*z - i, -2 = 2*z. What are the prime factors of w?
2, 5, 29
Suppose 0 = -2*q + 2*h - 6, -3*q - h = -17 + 46. Let a be (-266)/(-2) + 0/(-17 - q). Let j = a + 124. What are the prime factors of j?
257
Let b = -4390 - -7332. List the prime factors of b.
2, 1471
Let n(o) = 19*o**2 - 87*o - 6. List the prime factors of n(19).
2, 5, 13
Suppose -77 - 14 = 13*g. What are the prime factors of (-24)/(-84) - 2826/g?
2, 101
Let k = -1037 + 1496. Let x = 896 - k. List the prime factors of x.
19, 23
Let b(g) = -172*g + 864. Let q be b(5). Let s(p) = p + 2. Let i be s(2). Suppose -q*f = -i*j - 8*f + 920, j - 3*f - 234 = 0. What are the prime factors of j?
3, 7, 11
Let v(j) = 10*j**2 + 9*j + 1. Let z(m) = m**2 - 1. Let n(o) = v(o) - 3*z(o). Let h(i) = -3*i + 50. Let l be h(18). List the prime factors of n(l).
2, 5
Suppose -86381 - 11719 = 12*g - 27*g. What are the prime factors of g?
2, 3, 5, 109
Suppose 29*o + 9060 = 232882. List the prime factors of o.
2, 17, 227
Let z = -15771 - -35450. What are the prime factors of z?
11, 1789
Let y = 439 - 306. Let q = 163 + y. Let o = -197 + q. What are the prime factors of o?
3, 11
Let n = 28599 - 18540. List the prime factors of n.
3, 7, 479
Suppose -3*c = -2*b - 883, 5*c + 71 = 3*b + 1544. Suppose 6*v - c = 3261. List the prime factors of v.
593
Suppose 4*b = -2*j + 6*j - 168, -2*j = 4*b - 60. Suppose -4*g - 1476 = -4*n, j = 2*n + g - 706. List the prime factors of n.
7, 53
Suppose -141*y + 14*y = 41*y - 2209704. List the prime factors of y.
7, 1879
Suppose 60 = 38*s - 26*s. Suppose 121 = r + s*m, -2*r - 5*m + 294 = 32. What are the prime factors of r?
3, 47
Let i = -1576 + 10368. List the prime factors of i.
2, 7, 157
Let u be 0/(-1) + 34 + -2. Suppose 4*r - 384 - 88 = 0. Let y = r - u. List the prime factors of y.
2, 43
Let t(v) = v**2 + 13*v + 13. Let h be t(-15). Let a = h - 32. Let g = 29 - a. List the prime factors of g.
2, 3
Suppose -4*g + 4*b + 208 = 0, 2*g - 112 = 7*b - 3*b. Suppose i - 925 = -g. List the prime factors of i.
877
What are the prime factors of (-3)/2*((-516498)/63 - (-26)/(-91))?
2, 11, 13, 43
Let p(w) = -w**2 - w - 1. Let q(b) = b**3 - 2*b**2 - 5*b + 19. Let v(i) = 5*p(i) + q(i). Let y